1111011 (base 2) in base 13?
9118
What is 15d3 (base 14) in base 6?
30033
What is 1010011111000 (base 2) in base 9?
7324
1124 (base 8) to base 3
211002
-6624 (base 7) to base 4
-211002
Convert 12365 (base 7) to base 12.
1a95
What is -42 (base 7) in base 15?
-20
What is -2133 (base 4) in base 14?
-b5
Convert -11011010110011 (base 2) to base 7.
-55553
What is -1202211122 (base 3) in base 4?
-20200322
-7679 (base 15) to base 6
-312053
Convert -155655 (base 8) to base 14.
-166cd
10113321 (base 4) to base 8
42771
-209 (base 10) to base 7
-416
2120 (base 7) to base 16
2ed
What is 233551 (base 6) in base 5?
1122144
Convert -3540 (base 6) to base 15.
-3bc
What is 6083 (base 13) in base 6?
141305
Convert 960 (base 10) to base 3.
1022120
Convert 2210022000 (base 3) to base 2.
1101011001101011
-21121 (base 5) to base 14
-72b
-26654 (base 10) to base 9
-40505
What is 1119 (base 10) in base 4?
101133
Convert -1684 (base 16) to base 2.
-1011010000100
Convert 244332 (base 5) to base 11.
7023
-10040 (base 5) to base 3
-212220
Convert -101 (base 13) to base 5.
-1140
-2121111 (base 3) to base 16
-76f
What is 1322 (base 7) in base 3?
200202
What is -3020313 (base 4) in base 16?
-3237
-798 (base 12) to base 15
-4ee
Convert 237 (base 15) to base 12.
35a
3017 (base 11) to base 7
14460
-12200 (base 3) to base 14
-ad
4131 (base 8) to base 9
2834
Convert -1010110011 (base 2) to base 16.
-2b3
What is 1110110100010 (base 2) in base 12?
4482
What is 2143 (base 6) in base 11?
410
What is -20110021 (base 3) in base 8?
-11141
-1120002 (base 3) to base 7
-3212
Convert -10110101110110101 (base 2) to base 16.
-16bb5
What is 287 (base 15) in base 16?
241
Convert 38b7 (base 15) to base 16.
2f41
What is -110001111 (base 2) in base 7?
-1110
-273 (base 16) to base 5
-10002
1333 (base 11) to base 12
1002
-2121111 (base 3) to base 5
-30103
What is 2522 (base 8) in base 10?
1362
Convert 52f (base 16) to base 15.
5d7
What is -100000101011 (base 2) in base 11?
-1631
Convert -100001111 (base 2) to base 10.
-271
What is 11b9 (base 15) in base 9?
5153
-1101 (base 7) to base 2
-110001001
b257 (base 13) to base 14
8d57
1882a (base 13) to base 5
3010100
What is a809 (base 12) in base 6?
221213
6bb7 (base 12) to base 9
17524
Convert -4411 (base 5) to base 9.
-743
Convert -359 (base 10) to base 2.
-101100111
What is -19081 (base 10) in base 2?
-100101010001001
What is 110101000010010 (base 2) in base 7?
142111
Convert 317 (base 10) to base 12.
225
What is 2ad (base 15) in base 10?
613
Convert -22200220 (base 3) to base 8.
-14306
Convert 14276 (base 8) to base 9.
8617
Convert -3227 (base 8) to base 14.
-887
Convert -2737 (base 8) to base 3.
-2001200
Convert 3486 (base 9) to base 10.
2589
Convert 28b (base 12) to base 5.
3040
22 (base 9) to base 10
20
Convert 4bd (base 14) to base 3.
1022020
-1100000001001 (base 2) to base 15
-1c53
c6f (base 16) to base 15
e23
Convert 234 (base 13) to base 11.
317
5331 (base 9) to base 3
12101001
-2967 (base 10) to base 5
-43332
136 (base 14) to base 15
114
What is 387 (base 13) in base 3?
211220
What is 110111101111100 (base 2) in base 4?
12331330
What is -29410 (base 11) in base 15?
-c58b
What is 123305 (base 6) in base 9?
16235
Convert 14150 (base 6) to base 13.
1023
Convert -1022312 (base 4) to base 8.
-11266
Convert -1352 (base 7) to base 12.
-37b
-b1fd (base 16) to base 13
-17980
-43b1 (base 13) to base 6
-111411
-9a6 (base 11) to base 14
-621
Convert -135a (base 11) to base 15.
-7c4
672 (base 9) to base 15
26b
What is -31320 (base 6) in base 2?
-1000010000000
What is 3030 (base 5) in base 8?
606
-d0c (base 14) to base 10
-2560
Convert 202112 (base 4) to base 8.
4226
-2224 (base 6) to base 3
-201021
Convert -4661 (base 13) to base 16.
-2699
What is -3a (base 16) in base 4?
-322
What is -110111001000 (base 2) in base 8?
-6710
Convert -1790 (base 11) to base 3.
-10010100
What is -23002233 (base 4) in base 10?
-45231
What is 334 (base 6) in base 12?
aa
-2202010 (base 3) to base 5
-31001
bbb (base 14) to base 7
6524
-2da (base 14) to base 11
-491
What is -20012111 (base 3) in base 5?
-121042
888 (base 12) to base 14
65a
Convert 2db (base 16) to base 12.
50b
Convert -14231 (base 7) to base 12.
-2305
Convert 21 (base 5) to base 6.
15
Convert 4672 (base 13) to base 11.
7486
Convert -35 (base 8) to base 3.
-1002
2376 (base 9) to base 2
11011101010
What is -6044 (base 11) in base 8?
-17542
-573 (base 9) to base 13
-2a3
What is 11110010110 (base 2) in base 16?
796
102201130 (base 4) to base 16
1285c
17874 (base 11) to base 10
25007
-28 (base 11) to base 10
-30
Convert 81d (base 14) to base 9.
2162
Convert 1290 (base 16) to base 3.
20112000
What is 27664 (base 8) in base 9?
17668
What is 368 (base 11) in base 8?
665
415234 (base 7) to base 15
16297
What is d9 (base 15) in base 16?
cc
What is -100100101110 (base 2) in base 8?
-4456
Convert -3c02 (base 16) to base 14.
-5854
What is 100310 (base 4) in base 11?
899
-13276 (base 12) to base 7
-136446
-63b1 (base 16) to base 4
-12032301
1102202 (base 3) to base 16
416
What is -3352 (base 6) in base 5?
-11123
What is eedc (base 15) in base 16?
c5af
-22699 (base 12) to base 11
-31546
-116311 (base 7) to base 15
-6531
3334 (base 6) to base 2
1100001010
Convert -21432 (base 5) to base 14.
-788
1042 (base 8) to base 15
266
141b7 (base 16) to base 4
110012313
-28148 (base 11) to base 8
-116247
3860 (base 9) to base 3
10222000
-8ad (base 14) to base 12
-bb5
8061 (base 10) to base 12
47b9
Convert -1100100100111111 (base 2) to base 16.
-c93f
-1422111 (base 5) to base 8
-71730
143502 (base 6) to base 2
11010111011110
What is -282 (base 16) in base 14?
-33c
What is -29cc (base 16) in base 7?
-43124
What is -71 (base 15) in base 11?
-97
What is 2140 (base 7) in base 16?
2fb
753 (base 9) to base 3
211210
What is -240ab (base 13) in base 7?
-363366
-22ba (base 12) to base 5
-111021
Convert -664 (base 8) to base 11.
-367
What is 1101001 (base 2) in base 11?
96
What is 31 (base 10) in base 4?
133
What is 43623 (base 11) in base 6?
1205032
What is 20230 (base 4) in base 10?
556
Convert -3302 (base 11) to base 4.
-1010012
What is -17750 (base 8) in base 15?
-2648
What is -8365 (base 10) in base 9?
-12424
231540 (base 7) to base 11
29147
Convert -888 (base 9) to base 3.
-222222
Convert 4206 (base 11) to base 4.
1113010
What is -1202111 (base 4) in base 3?
-22122002
Convert -1808 (base 16) to base 4.
-1200020
What is -633 (base 11) in base 13?
-468
Convert -578a (base 13) to base 14.
-4694
What is 15 (base 8) in base 16?
d
561 (base 7) to base 5
2123
29746 (base 10) to base 4
13100302
What is 418 (base 11) in base 12?
35b
12211 (base 3) to base 15
a7
Convert 1b763 (base 14) to base 3.
10120002210
Convert 101110101111101 (base 2) to base 13.
ab80
-3432 (base 12) to base 13
-2840
Convert -461 (base 11) to base 7.
-1415
12000211 (base 3) to base 11
2834
Convert 111000000011 (base 2) to base 14.
1443
20b (base 14) to base 9
487
Convert -203032 (base 4) to base 6.
-14234
What is 110110010100111 (base 2) in base 14?
a1cb
Convert -4820 (base 11) to base 8.
-14252
Convert 17c53 (base 13) to base 5.
2433121
Convert -23e (base 16) to base 7.
-1450
What is 421 (base 16) in base 7?
3040
What is 4557 (base 10) in base 3?
20020210
What is 18a (base 12) in base 11?
208
-20 (base 13) to base 5
-101
Convert 53552 (base 6) to base 4.
1302230
67cb (base 14) to base 3
220201020
-7405 (base 15) to base 4
-11333102
What is -232541 (base 6) in base 13?
-91a5
Convert 101000111 (base 3) to base 5.
213203
Convert 111150 (base 6) to base 8.
22212
-31330 (base 5) to base 3
-2212102
Convert 3758 (base 13) to base 3.
101202122
Convert -154a (base 12) to base 13.
-11aa
What is 2c8 (base 13) in base 4?
13312
-64c1 (base 13) to base 11
-a591
Convert 123034 (base 5) to base 10.
4769
120201 (base 3) to base 12
2b4
What is 402 (base 14) in base 11?
655
What is 1226 (base 10) in base 13?
734
Convert cd50 (base 14) to base 13.
13244
What is -412 (base 5) in base 13?
-83
23 (base 11) to base 9
27
Convert -11111100010 (base 2) to base 14.
-a42
-860 (base 9) to base 12
-4a6
-14717 (base 9) to base 5
-310220
What is -30343 (base 5) in base 4?
-132311
Convert 77 (base 12) to base 7.
160
What is 213121 (base 5) in base 15?
225b
What is 513 (base 16) in base 15?
5b9
121331 (base 6) 